alculate the greatest common factor of 49327 and 922.
461
Calculate the greatest common factor of 2052 and 223212.
228
Calculate the greatest common factor of 365881 and 593.
593
What is the highest common factor of 578 and 184671?
289
Calculate the highest common divisor of 5720 and 200.
40
What is the greatest common divisor of 63395 and 62?
31
Calculate the highest common factor of 84 and 14183484.
84
Calculate the greatest common divisor of 762 and 459867.
381
What is the greatest common factor of 45 and 562220?
5
What is the greatest common divisor of 456 and 19392?
24
Calculate the greatest common divisor of 68325 and 50.
25
What is the highest common divisor of 540 and 10240?
20
What is the greatest common factor of 7720 and 3140?
20
Calculate the highest common divisor of 767 and 884.
13
What is the highest common factor of 1102205 and 46345?
2015
What is the highest common divisor of 154 and 33?
11
Calculate the greatest common factor of 360 and 2165.
5
What is the highest common factor of 807762 and 6?
6
What is the highest common divisor of 595110 and 5810?
830
What is the highest common divisor of 1760 and 14222560?
1760
What is the highest common divisor of 572249 and 137?
137
Calculate the greatest common divisor of 33127 and 1256.
157
Calculate the highest common divisor of 1378 and 21255.
13
What is the highest common factor of 94 and 11242?
2
Calculate the highest common divisor of 61976 and 12017.
61
Calculate the greatest common factor of 54 and 42372.
18
What is the highest common divisor of 1612 and 18724?
124
What is the greatest common divisor of 840 and 663240?
120
What is the greatest common factor of 681910 and 97?
97
What is the highest common factor of 68 and 108596?
68
Calculate the highest common divisor of 530885 and 4005.
445
What is the greatest common divisor of 16406 and 13598?
26
Calculate the highest common factor of 52 and 8996.
52
Calculate the highest common factor of 36 and 5409.
9
What is the greatest common factor of 1654510 and 4862?
286
What is the greatest common divisor of 77490 and 4725?
945
Calculate the highest common divisor of 265835 and 1580.
395
What is the highest common factor of 637089 and 171?
57
Calculate the greatest common divisor of 15120 and 3395.
35
Calculate the greatest common factor of 12330 and 246960.
90
What is the highest common divisor of 70 and 22015?
35
Calculate the highest common divisor of 20 and 1656980.
20
What is the greatest common divisor of 147023 and 5592?
233
What is the highest common divisor of 9402353 and 2582?
1291
What is the highest common divisor of 930 and 143580?
30
What is the highest common factor of 252693 and 588?
147
Calculate the greatest common divisor of 3549 and 10605.
21
What is the highest common factor of 1086 and 4555227?
543
Calculate the greatest common factor of 2934 and 4194.
18
Calculate the greatest common factor of 64 and 16387392.
64
Calculate the greatest common factor of 221 and 42942.
17
What is the greatest common factor of 67025 and 100?
25
Calculate the highest common factor of 78744 and 3264.
408
Calculate the greatest common factor of 54960 and 90.
30
What is the greatest common factor of 1849 and 20394470?
1849
What is the highest common factor of 1768 and 4624?
136
Calculate the greatest common divisor of 45 and 2061.
9
Calculate the highest common factor of 590 and 16402.
118
What is the greatest common divisor of 7376990 and 298?
298
What is the highest common divisor of 654 and 614?
2
What is the greatest common factor of 58 and 2168823?
29
What is the greatest common divisor of 15412 and 136?
4
Calculate the greatest common divisor of 440 and 169576.
88
What is the greatest common factor of 1010 and 1614586?
202
What is the greatest common divisor of 37 and 760831?
37
Calculate the highest common divisor of 72 and 16680.
24
What is the highest common divisor of 55578 and 708?
354
Calculate the highest common divisor of 69 and 185357.
23
What is the highest common factor of 403275 and 275?
25
Calculate the greatest common factor of 33408 and 4.
4
Calculate the greatest common divisor of 524 and 1392.
4
Calculate the greatest common factor of 359500 and 180.
20
What is the highest common divisor of 219050 and 39000?
650
Calculate the highest common factor of 18 and 268.
2
Calculate the greatest common factor of 19662 and 678.
678
What is the highest common factor of 6860 and 7910?
70
What is the highest common divisor of 297 and 16531317?
297
Calculate the greatest common factor of 665 and 13985.
5
Calculate the highest common factor of 72 and 10476.
36
Calculate the greatest common divisor of 13956 and 1944.
12
Calculate the greatest common factor of 4400 and 100660.
20
Calculate the greatest common divisor of 244126 and 74.
74
What is the highest common divisor of 162 and 286596?
18
What is the greatest common factor of 2227 and 393?
131
Calculate the highest common divisor of 74536 and 8932.
308
Calculate the greatest common divisor of 74 and 1229843.
37
Calculate the highest common factor of 936848 and 176.
176
What is the greatest common factor of 527 and 3007?
31
Calculate the highest common divisor of 1176320 and 16.
16
What is the highest common factor of 1943 and 8375?
67
What is the greatest common factor of 1308 and 112052?
436
Calculate the highest common divisor of 3946932 and 396.
396
Calculate the greatest common divisor of 198 and 16914.
6
Calculate the highest common divisor of 46 and 68655.
23
What is the greatest common divisor of 10846 and 2265828?
986
What is the greatest common divisor of 6048 and 2496?
96
Calculate the greatest common factor of 382400 and 100.
100
Calculate the highest common divisor of 106460 and 20.
20
Calculate the greatest common factor of 157593 and 401.
401
Calculate the highest common divisor of 2793 and 1653.
57
What is the greatest common factor of 22000 and 43120?
880
What is the highest common factor of 1792 and 2016?
224
Calculate the highest common factor of 304096 and 10062.
1118
What is the highest common divisor of 4240 and 1974780?
1060
Calculate the greatest common factor of 30488 and 83224.
824
What is the highest common factor of 11440 and 344?
8
Calculate the highest common factor of 1024 and 120.
8
What is the greatest common factor of 107770 and 13?
13
What is the highest common factor of 1078 and 6017?
11
Calculate the highest common divisor of 23730 and 690.
30
What is the highest common factor of 242946 and 36?
18
What is the highest common divisor of 16762 and 6554?
58
Calculate the highest common factor of 82 and 231158.
82
What is the highest common factor of 101880 and 13867?
283
What is the highest common divisor of 1587 and 771?
3
Calculate the highest common factor of 22770 and 4510.
110
Calculate the highest common factor of 15040 and 6110.
470
Calculate the highest common factor of 17 and 137479.
17
Calculate the greatest common divisor of 1294560 and 232.
232
Calculate the highest common factor of 287 and 358463.
287
What is the highest common factor of 10580 and 12535?
115
Calculate the highest common factor of 1579056 and 7365.
1473
Calculate the greatest common factor of 410620 and 98.
98
What is the highest common factor of 56 and 137928?
56
What is the greatest common factor of 368 and 10350?
46
Calculate the highest common divisor of 6225910 and 691.
691
Calculate the greatest common divisor of 21 and 196308.
21
What is the greatest common divisor of 104 and 64402?
26
Calculate the highest common divisor of 1865382 and 114.
114
What is the highest common factor of 773512 and 496?
248
What is the greatest common divisor of 886665 and 195?
195
Calculate the highest common factor of 120 and 174810.
30
What is the highest common divisor of 124 and 182528?
124
Calculate the highest common factor of 8200100 and 100.
100
Calculate the highest common factor of 147538 and 142.
142
Calculate the highest common factor of 4938 and 774.
6
What is the greatest common divisor of 2 and 116587?
1
What is the highest common factor of 777 and 160321?
259
Calculate the greatest common factor of 220 and 8129.
11
What is the greatest common factor of 40 and 27616?
8
What is the greatest common factor of 115 and 231748?
23
Calculate the greatest common div